Last updated on 2024-06-30 05:53:11 CEST.
Flavor | Version | Tinstall | Tcheck | Ttotal | Status | Flags |
---|---|---|---|---|---|---|
r-devel-linux-x86_64-debian-clang | 0.2.1 | 5.84 | 62.89 | 68.73 | OK | |
r-devel-linux-x86_64-debian-gcc | 0.2.1 | 4.38 | 47.52 | 51.90 | OK | |
r-devel-linux-x86_64-fedora-clang | 0.2.1 | 89.28 | NOTE | |||
r-devel-linux-x86_64-fedora-gcc | 0.2.1 | 95.82 | NOTE | |||
r-devel-windows-x86_64 | 0.2.1 | 6.00 | 71.00 | 77.00 | OK | |
r-patched-linux-x86_64 | 0.2.1 | 6.13 | 58.90 | 65.03 | OK | |
r-release-linux-x86_64 | 0.2.1 | 5.50 | 60.75 | 66.25 | OK | |
r-release-macos-arm64 | 0.2.1 | 32.00 | OK | |||
r-release-macos-x86_64 | 0.2.1 | 54.00 | OK | |||
r-release-windows-x86_64 | 0.2.1 | 8.00 | 73.00 | 81.00 | OK | |
r-oldrel-macos-arm64 | 0.2.1 | 40.00 | OK | |||
r-oldrel-macos-x86_64 | 0.2.1 | 59.00 | OK | |||
r-oldrel-windows-x86_64 | 0.2.1 | 8.00 | 79.00 | 87.00 | OK |
Version: 0.2.1
Check: dependencies in R code
Result: NOTE
Namespaces in Imports field not imported from:
‘dplyr’ ‘tibble’
All declared Imports should be used.
Flavors: r-devel-linux-x86_64-fedora-clang, r-devel-linux-x86_64-fedora-gcc