CRAN Package Check Results for Package KernSmoothIRT

Last updated on 2025-02-09 06:49:48 CET.

Flavor Version Tinstall Tcheck Ttotal Status Flags
r-devel-linux-x86_64-debian-clang 6.4 17.22 43.87 61.09 NOTE
r-devel-linux-x86_64-debian-gcc 6.4 13.97 34.46 48.43 NOTE
r-devel-linux-x86_64-fedora-clang 6.4 106.06 NOTE
r-devel-linux-x86_64-fedora-gcc 6.4 103.27 NOTE
r-devel-windows-x86_64 6.4 25.00 77.00 102.00 NOTE
r-patched-linux-x86_64 6.4 19.12 40.36 59.48 NOTE
r-release-linux-x86_64 6.4 18.64 41.03 59.67 NOTE
r-release-macos-arm64 6.4 31.00 NOTE
r-release-macos-x86_64 6.4 42.00 NOTE
r-release-windows-x86_64 6.4 24.00 81.00 105.00 NOTE
r-oldrel-macos-arm64 6.4 36.00 OK
r-oldrel-macos-x86_64 6.4 53.00 OK
r-oldrel-windows-x86_64 6.4 30.00 93.00 123.00 OK

Check Details

Version: 6.4
Check: Rd files
Result: NOTE checkRd: (-1) subjOCCDIF.Rd:23: Lost braces 23 | the scale on which to evaluate each subject. \code{stype = "ObsScore"} uses the subject's total score. \code{stype = "Theta"} uses the subject's rank on the \code{thetadist} scale. \code{stype = "ThetaML"} uses the maximum likelihood estimate for the subject on the \code{thetadist} scale. code{stype = "ScoreML"} uses the maximum likelihood estimate for the subject on the overall test score scale. | ^ Flavors: r-devel-linux-x86_64-debian-clang, r-devel-linux-x86_64-debian-gcc, r-devel-linux-x86_64-fedora-clang, r-devel-linux-x86_64-fedora-gcc, r-devel-windows-x86_64, r-patched-linux-x86_64, r-release-linux-x86_64, r-release-macos-arm64, r-release-macos-x86_64, r-release-windows-x86_64

Version: 6.4
Check: compiled code
Result: NOTE File ‘KernSmoothIRT/libs/KernSmoothIRT.so’: Found no calls to: ‘R_registerRoutines’, ‘R_useDynamicSymbols’ It is good practice to register native routines and to disable symbol search. See ‘Writing portable packages’ in the ‘Writing R Extensions’ manual. Flavors: r-devel-linux-x86_64-fedora-clang, r-devel-linux-x86_64-fedora-gcc