Last updated on 2024-06-30 05:53:11 CEST.
Flavor | Version | Tinstall | Tcheck | Ttotal | Status | Flags |
---|---|---|---|---|---|---|
r-devel-linux-x86_64-debian-clang | 1.0.1 | 333.57 | 203.65 | 537.22 | OK | |
r-devel-linux-x86_64-debian-gcc | 1.0.1 | 210.00 | 150.36 | 360.36 | OK | |
r-devel-linux-x86_64-fedora-clang | 1.0.1 | 745.00 | OK | |||
r-devel-linux-x86_64-fedora-gcc | 1.0.1 | 740.64 | OK | |||
r-devel-windows-x86_64 | 1.0.1 | 239.00 | 199.00 | 438.00 | OK | |
r-patched-linux-x86_64 | 1.0.1 | 260.56 | 212.91 | 473.47 | OK | |
r-release-linux-x86_64 | 1.0.1 | 255.31 | 209.15 | 464.46 | OK | |
r-release-macos-arm64 | 1.0.1 | 146.00 | NOTE | |||
r-release-macos-x86_64 | 1.0.1 | 210.00 | NOTE | |||
r-release-windows-x86_64 | 1.0.1 | 235.00 | 207.00 | 442.00 | OK | |
r-oldrel-macos-arm64 | 1.0.1 | 177.00 | NOTE | |||
r-oldrel-macos-x86_64 | 1.0.1 | 309.00 | NOTE | |||
r-oldrel-windows-x86_64 | 1.0.1 | 291.00 | 236.00 | 527.00 | OK |
Version: 1.0.1
Check: installed package size
Result: NOTE
installed size is 22.5Mb
sub-directories of 1Mb or more:
libs 22.0Mb
Flavors: r-release-macos-arm64, r-release-macos-x86_64, r-oldrel-macos-arm64, r-oldrel-macos-x86_64