Last updated on 2024-06-30 05:53:11 CEST.
Flavor | Version | Tinstall | Tcheck | Ttotal | Status | Flags |
---|---|---|---|---|---|---|
r-devel-linux-x86_64-debian-clang | 0.5-0 | 115.32 | 154.54 | 269.86 | OK | |
r-devel-linux-x86_64-debian-gcc | 0.5-0 | 81.41 | 108.55 | 189.96 | OK | |
r-devel-linux-x86_64-fedora-clang | 0.5-0 | 315.56 | OK | |||
r-devel-linux-x86_64-fedora-gcc | 0.5-0 | 342.39 | OK | |||
r-devel-windows-x86_64 | 0.5-0 | 76.00 | 131.00 | 207.00 | OK | |
r-patched-linux-x86_64 | 0.5-0 | 90.41 | 139.95 | 230.36 | OK | |
r-release-linux-x86_64 | 0.5-0 | 92.20 | 142.23 | 234.43 | OK | |
r-release-macos-arm64 | 0.5-0 | 78.00 | NOTE | |||
r-release-macos-x86_64 | 0.5-0 | 227.00 | NOTE | |||
r-release-windows-x86_64 | 0.5-0 | 77.00 | 138.00 | 215.00 | OK | |
r-oldrel-macos-arm64 | 0.5-0 | 79.00 | NOTE | |||
r-oldrel-macos-x86_64 | 0.5-0 | 225.00 | NOTE | |||
r-oldrel-windows-x86_64 | 0.5-0 | 101.00 | 168.00 | 269.00 | OK |
Version: 0.5-0
Check: installed package size
Result: NOTE
installed size is 10.4Mb
sub-directories of 1Mb or more:
libs 9.6Mb
Flavors: r-release-macos-arm64, r-release-macos-x86_64, r-oldrel-macos-arm64, r-oldrel-macos-x86_64