Last updated on 2024-08-06 05:49:25 CEST.
Flavor | Version | Tinstall | Tcheck | Ttotal | Status | Flags |
---|---|---|---|---|---|---|
r-devel-linux-x86_64-debian-clang | 0.1.40 | 8.12 | 62.60 | 70.72 | OK | |
r-devel-linux-x86_64-debian-gcc | 0.1.40 | 4.93 | 34.80 | 39.73 | OK | |
r-devel-linux-x86_64-fedora-clang | 0.1.40 | 90.51 | NOTE | |||
r-devel-linux-x86_64-fedora-gcc | 0.1.40 | 82.06 | NOTE | |||
r-devel-windows-x86_64 | 0.1.40 | 9.00 | 63.00 | 72.00 | OK | |
r-patched-linux-x86_64 | 0.1.40 | 6.54 | 45.71 | 52.25 | OK | |
r-release-linux-x86_64 | 0.1.40 | 7.23 | 59.47 | 66.70 | OK | |
r-release-macos-arm64 | 0.1.40 | 29.00 | OK | |||
r-release-macos-x86_64 | 0.1.40 | 42.00 | OK | |||
r-release-windows-x86_64 | 0.1.40 | 9.00 | 62.00 | 71.00 | OK | |
r-oldrel-macos-arm64 | 0.1.40 | 30.00 | OK | |||
r-oldrel-macos-x86_64 | 0.1.40 | 44.00 | OK | |||
r-oldrel-windows-x86_64 | 0.1.40 | 11.00 | 71.00 | 82.00 | OK |
Version: 0.1.40
Check: dependencies in R code
Result: NOTE
Namespace in Imports field not imported from: ‘rmarkdown’
All declared Imports should be used.
Flavors: r-devel-linux-x86_64-fedora-clang, r-devel-linux-x86_64-fedora-gcc