Last updated on 2024-06-30 05:53:11 CEST.
Flavor | Version | Tinstall | Tcheck | Ttotal | Status | Flags |
---|---|---|---|---|---|---|
r-devel-linux-x86_64-debian-clang | 1.1.3 | 4.36 | 240.33 | 244.69 | OK | |
r-devel-linux-x86_64-debian-gcc | 1.1.3 | 2.55 | 168.33 | 170.88 | OK | |
r-devel-linux-x86_64-fedora-clang | 1.1.3 | 261.27 | NOTE | |||
r-devel-linux-x86_64-fedora-gcc | 1.1.3 | 254.89 | NOTE | |||
r-devel-windows-x86_64 | 1.1.3 | 6.00 | 267.00 | 273.00 | OK | |
r-patched-linux-x86_64 | 1.1.3 | 4.94 | 216.35 | 221.29 | OK | |
r-release-linux-x86_64 | 1.1.3 | 4.88 | 217.86 | 222.74 | OK | |
r-release-macos-arm64 | 1.1.3 | 73.00 | OK | |||
r-release-macos-x86_64 | 1.1.3 | 105.00 | OK | |||
r-release-windows-x86_64 | 1.1.3 | 5.00 | 270.00 | 275.00 | OK | |
r-oldrel-macos-arm64 | 1.1.3 | 82.00 | OK | |||
r-oldrel-macos-x86_64 | 1.1.3 | 124.00 | OK | |||
r-oldrel-windows-x86_64 | 1.1.3 | 7.00 | 351.00 | 358.00 | OK |
Version: 1.1.3
Check: dependencies in R code
Result: NOTE
Namespaces in Imports field not imported from:
‘curl’ ‘readxl’
All declared Imports should be used.
Flavors: r-devel-linux-x86_64-fedora-clang, r-devel-linux-x86_64-fedora-gcc