Last updated on 2024-08-06 05:49:25 CEST.
Flavor | Version | Tinstall | Tcheck | Ttotal | Status | Flags |
---|---|---|---|---|---|---|
r-devel-linux-x86_64-debian-clang | 0.4-0 | 12.30 | 158.35 | 170.65 | OK | |
r-devel-linux-x86_64-debian-gcc | 0.4-0 | 6.50 | 94.23 | 100.73 | NOTE | |
r-devel-linux-x86_64-fedora-clang | 0.4-0 | 209.60 | OK | |||
r-devel-linux-x86_64-fedora-gcc | 0.4-0 | 203.78 | OK | |||
r-devel-windows-x86_64 | 0.4-0 | 10.00 | 173.00 | 183.00 | NOTE | |
r-patched-linux-x86_64 | 0.4-0 | 11.32 | 120.90 | 132.22 | OK | |
r-release-linux-x86_64 | 0.4-0 | 11.05 | 151.28 | 162.33 | OK | |
r-release-macos-arm64 | 0.4-0 | 80.00 | OK | |||
r-release-macos-x86_64 | 0.4-0 | 132.00 | OK | |||
r-release-windows-x86_64 | 0.4-0 | 10.00 | 173.00 | 183.00 | OK | |
r-oldrel-macos-arm64 | 0.4-0 | 98.00 | OK | |||
r-oldrel-macos-x86_64 | 0.4-0 | 166.00 | OK | |||
r-oldrel-windows-x86_64 | 0.4-0 | 13.00 | 214.00 | 227.00 | OK |
Version: 0.4-0
Check: Rd cross-references
Result: NOTE
Found the following Rd file(s) with Rd \link{} targets missing package
anchors:
ics.distances.Rd: ics2
icsOut-class.Rd: plot.ics
Please provide package anchors for all Rd \link{} targets not in the
package itself and the base packages.
Flavors: r-devel-linux-x86_64-debian-gcc, r-devel-windows-x86_64