CRAN Package Check Results for Package ICCbin

Last updated on 2025-02-02 05:48:25 CET.

Flavor Version Tinstall Tcheck Ttotal Status Flags
r-devel-linux-x86_64-debian-clang 1.1.1 2.69 27.64 30.33 OK
r-devel-linux-x86_64-debian-gcc 1.1.1 1.82 19.88 21.70 OK
r-devel-linux-x86_64-fedora-clang 1.1.1 50.32 OK
r-devel-linux-x86_64-fedora-gcc 1.1.1 45.40 OK
r-devel-windows-x86_64 1.1.1 3.00 48.00 51.00 OK
r-patched-linux-x86_64 1.1.1 2.64 26.27 28.91 NOTE
r-release-linux-x86_64 1.1.1 2.77 26.16 28.93 NOTE
r-release-macos-arm64 1.1.1 17.00 NOTE
r-release-macos-x86_64 1.1.1 24.00 NOTE
r-release-windows-x86_64 1.1.1 5.00 46.00 51.00 NOTE
r-oldrel-macos-arm64 1.1.1 18.00 NOTE
r-oldrel-macos-x86_64 1.1.1 25.00 NOTE
r-oldrel-windows-x86_64 1.1.1 4.00 49.00 53.00 NOTE

Check Details

Version: 1.1.1
Check: LazyData
Result: NOTE 'LazyData' is specified without a 'data' directory Flavors: r-patched-linux-x86_64, r-release-linux-x86_64, r-release-macos-arm64, r-release-macos-x86_64, r-release-windows-x86_64, r-oldrel-macos-arm64, r-oldrel-macos-x86_64, r-oldrel-windows-x86_64