Last updated on 2025-02-03 05:49:08 CET.
Flavor | Version | Tinstall | Tcheck | Ttotal | Status | Flags |
---|---|---|---|---|---|---|
r-devel-linux-x86_64-debian-clang | 0.1.2 | 34.27 | 22.86 | 57.13 | NOTE | |
r-devel-linux-x86_64-debian-gcc | 0.1.2 | 20.33 | 18.83 | 39.16 | NOTE | |
r-devel-linux-x86_64-fedora-clang | 0.1.2 | 114.45 | NOTE | |||
r-devel-linux-x86_64-fedora-gcc | 0.1.2 | 104.93 | NOTE | |||
r-devel-windows-x86_64 | 0.1.2 | 36.00 | 71.00 | 107.00 | NOTE | |
r-patched-linux-x86_64 | 0.1.2 | 29.10 | 21.69 | 50.79 | NOTE | |
r-release-linux-x86_64 | 0.1.2 | 29.34 | 21.61 | 50.95 | NOTE | |
r-release-macos-arm64 | 0.1.2 | 25.00 | NOTE | |||
r-release-macos-x86_64 | 0.1.2 | 32.00 | NOTE | |||
r-release-windows-x86_64 | 0.1.2 | 37.00 | 60.00 | 97.00 | NOTE | |
r-oldrel-macos-arm64 | 0.1.2 | 32.00 | NOTE | |||
r-oldrel-macos-x86_64 | 0.1.2 | 53.00 | NOTE | |||
r-oldrel-windows-x86_64 | 0.1.2 | 42.00 | 67.00 | 109.00 | NOTE |
Version: 0.1.2
Check: C++ specification
Result: NOTE
Specified C++11: please drop specification unless essential
Flavors: r-devel-linux-x86_64-debian-clang, r-devel-linux-x86_64-debian-gcc, r-devel-linux-x86_64-fedora-clang, r-devel-linux-x86_64-fedora-gcc, r-devel-windows-x86_64, r-patched-linux-x86_64, r-release-linux-x86_64, r-release-macos-arm64, r-release-macos-x86_64, r-release-windows-x86_64, r-oldrel-macos-arm64, r-oldrel-macos-x86_64, r-oldrel-windows-x86_64
Version: 0.1.2
Check: LazyData
Result: NOTE
'LazyData' is specified without a 'data' directory
Flavors: r-patched-linux-x86_64, r-release-linux-x86_64, r-release-macos-arm64, r-release-macos-x86_64, r-release-windows-x86_64, r-oldrel-macos-arm64, r-oldrel-macos-x86_64, r-oldrel-windows-x86_64