Last updated on 2024-06-30 05:53:09 CEST.
Flavor | Version | Tinstall | Tcheck | Ttotal | Status | Flags |
---|---|---|---|---|---|---|
r-devel-linux-x86_64-debian-clang | 2.2.0 | 43.30 | 52.73 | 96.03 | NOTE | |
r-devel-linux-x86_64-debian-gcc | 2.2.0 | 24.69 | 39.34 | 64.03 | NOTE | |
r-devel-linux-x86_64-fedora-clang | 2.2.0 | 129.05 | NOTE | |||
r-devel-linux-x86_64-fedora-gcc | 2.2.0 | 120.57 | NOTE | |||
r-devel-windows-x86_64 | 2.2.0 | 33.00 | 74.00 | 107.00 | NOTE | |
r-patched-linux-x86_64 | 2.2.0 | 33.78 | 49.38 | 83.16 | NOTE | |
r-release-linux-x86_64 | 2.2.0 | 30.95 | 50.57 | 81.52 | NOTE | |
r-release-macos-arm64 | 2.2.0 | 33.00 | NOTE | |||
r-release-macos-x86_64 | 2.2.0 | 51.00 | NOTE | |||
r-release-windows-x86_64 | 2.2.0 | 32.00 | 78.00 | 110.00 | NOTE | |
r-oldrel-macos-arm64 | 2.2.0 | 35.00 | NOTE | |||
r-oldrel-macos-x86_64 | 2.2.0 | 55.00 | NOTE | |||
r-oldrel-windows-x86_64 | 2.2.0 | 39.00 | 90.00 | 129.00 | NOTE |
Version: 2.2.0
Check: C++ specification
Result: NOTE
Specified C++11: please drop specification unless essential
Flavors: r-devel-linux-x86_64-debian-clang, r-devel-linux-x86_64-debian-gcc, r-devel-linux-x86_64-fedora-clang, r-devel-linux-x86_64-fedora-gcc, r-devel-windows-x86_64, r-patched-linux-x86_64, r-release-linux-x86_64, r-release-macos-arm64, r-release-macos-x86_64, r-release-windows-x86_64, r-oldrel-macos-arm64, r-oldrel-macos-x86_64, r-oldrel-windows-x86_64