Last updated on 2024-06-30 05:53:09 CEST.
Flavor | Version | Tinstall | Tcheck | Ttotal | Status | Flags |
---|---|---|---|---|---|---|
r-devel-linux-x86_64-debian-clang | 1.5 | 2.94 | 57.09 | 60.03 | OK | |
r-devel-linux-x86_64-debian-gcc | 1.5 | 2.53 | 43.05 | 45.58 | OK | |
r-devel-linux-x86_64-fedora-clang | 1.5 | 76.87 | NOTE | |||
r-devel-linux-x86_64-fedora-gcc | 1.5 | 88.32 | OK | |||
r-devel-windows-x86_64 | 1.5 | 5.00 | 68.00 | 73.00 | NOTE | |
r-patched-linux-x86_64 | 1.5 | 3.01 | 55.14 | 58.15 | OK | |
r-release-linux-x86_64 | 1.5 | 3.14 | 55.19 | 58.33 | OK | |
r-release-macos-arm64 | 1.5 | 38.00 | NOTE | |||
r-release-macos-x86_64 | 1.5 | 50.00 | NOTE | |||
r-release-windows-x86_64 | 1.5 | 5.00 | 66.00 | 71.00 | NOTE | |
r-oldrel-macos-arm64 | 1.5 | 41.00 | NOTE | |||
r-oldrel-macos-x86_64 | 1.5 | 86.00 | NOTE | |||
r-oldrel-windows-x86_64 | 1.5 | 5.00 | 73.00 | 78.00 | NOTE |
Version: 1.5
Check: installed package size
Result: NOTE
installed size is 5.1Mb
sub-directories of 1Mb or more:
extdata 4.9Mb
Flavors: r-devel-linux-x86_64-fedora-clang, r-devel-windows-x86_64, r-release-macos-arm64, r-release-macos-x86_64, r-release-windows-x86_64, r-oldrel-macos-arm64, r-oldrel-macos-x86_64, r-oldrel-windows-x86_64