Last updated on 2024-08-07 05:50:03 CEST.
Flavor | Version | Tinstall | Tcheck | Ttotal | Status | Flags |
---|---|---|---|---|---|---|
r-devel-linux-x86_64-debian-clang | 1.2.6 | 40.44 | 114.53 | 154.97 | NOTE | |
r-devel-linux-x86_64-debian-gcc | 1.2.6 | 28.16 | 120.36 | 148.52 | NOTE | |
r-devel-linux-x86_64-fedora-clang | 1.2.6 | 453.66 | NOTE | |||
r-devel-linux-x86_64-fedora-gcc | 1.2.6 | 447.53 | NOTE | |||
r-devel-windows-x86_64 | 1.2.6 | 52.00 | 147.00 | 199.00 | NOTE | |
r-patched-linux-x86_64 | 1.2.6 | 37.96 | 110.76 | 148.72 | NOTE | |
r-release-linux-x86_64 | 1.2.6 | 38.81 | 113.08 | 151.89 | NOTE | |
r-release-macos-arm64 | 1.2.6 | 101.00 | NOTE | |||
r-release-macos-x86_64 | 1.2.6 | 185.00 | NOTE | |||
r-release-windows-x86_64 | 1.2.6 | 51.00 | 151.00 | 202.00 | NOTE | |
r-oldrel-macos-arm64 | 1.2.6 | 254.00 | NOTE | |||
r-oldrel-macos-x86_64 | 1.2.6 | 89.00 | NOTE | |||
r-oldrel-windows-x86_64 | 1.2.6 | 61.00 | 158.00 | 219.00 | NOTE |
Version: 1.2.6
Check: for GNU extensions in Makefiles
Result: NOTE
GNU make is a SystemRequirements.
Flavors: r-devel-linux-x86_64-debian-clang, r-devel-linux-x86_64-debian-gcc, r-devel-linux-x86_64-fedora-clang, r-devel-linux-x86_64-fedora-gcc, r-devel-windows-x86_64, r-patched-linux-x86_64, r-release-linux-x86_64, r-release-macos-arm64, r-release-macos-x86_64, r-release-windows-x86_64, r-oldrel-macos-arm64, r-oldrel-macos-x86_64, r-oldrel-windows-x86_64