Last updated on 2025-02-02 05:48:25 CET.
Flavor | Version | Tinstall | Tcheck | Ttotal | Status | Flags |
---|---|---|---|---|---|---|
r-devel-linux-x86_64-debian-clang | 0.2.0 | 5.04 | 39.74 | 44.78 | OK | |
r-devel-linux-x86_64-debian-gcc | 0.2.0 | 3.78 | 30.12 | 33.90 | OK | |
r-devel-linux-x86_64-fedora-clang | 0.2.0 | 71.85 | OK | |||
r-devel-linux-x86_64-fedora-gcc | 0.2.0 | 70.61 | OK | |||
r-devel-windows-x86_64 | 0.2.0 | 7.00 | 55.00 | 62.00 | OK | |
r-patched-linux-x86_64 | 0.2.0 | 4.77 | 36.91 | 41.68 | OK | |
r-release-linux-x86_64 | 0.2.0 | 4.34 | 36.98 | 41.32 | OK | |
r-release-macos-arm64 | 0.2.0 | 25.00 | NOTE | |||
r-release-macos-x86_64 | 0.2.0 | 40.00 | NOTE | |||
r-release-windows-x86_64 | 0.2.0 | 8.00 | 55.00 | 63.00 | NOTE | |
r-oldrel-macos-arm64 | 0.2.0 | 31.00 | NOTE | |||
r-oldrel-macos-x86_64 | 0.2.0 | 42.00 | NOTE | |||
r-oldrel-windows-x86_64 | 0.2.0 | 7.00 | 61.00 | 68.00 | NOTE |
Version: 0.2.0
Check: installed package size
Result: NOTE
installed size is 8.3Mb
sub-directories of 1Mb or more:
htmlwidgets 8.2Mb
Flavors: r-release-macos-arm64, r-release-macos-x86_64, r-release-windows-x86_64, r-oldrel-macos-arm64, r-oldrel-macos-x86_64, r-oldrel-windows-x86_64