Last updated on 2025-02-02 05:48:24 CET.
Flavor | Version | Tinstall | Tcheck | Ttotal | Status | Flags |
---|---|---|---|---|---|---|
r-devel-linux-x86_64-debian-clang | 1.0 | 17.30 | 122.49 | 139.79 | OK | |
r-devel-linux-x86_64-debian-gcc | 1.0 | 10.48 | 88.14 | 98.62 | OK | |
r-devel-linux-x86_64-fedora-clang | 1.0 | 227.58 | NOTE | |||
r-devel-linux-x86_64-fedora-gcc | 1.0 | 210.81 | NOTE | |||
r-devel-windows-x86_64 | 1.0 | 18.00 | 121.00 | 139.00 | OK | |
r-patched-linux-x86_64 | 1.0 | 17.45 | 115.03 | 132.48 | OK | |
r-release-linux-x86_64 | 1.0 | 16.80 | 115.31 | 132.11 | OK | |
r-release-macos-arm64 | 1.0 | 58.00 | OK | |||
r-release-macos-x86_64 | 1.0 | 86.00 | OK | |||
r-release-windows-x86_64 | 1.0 | 20.00 | 129.00 | 149.00 | OK | |
r-oldrel-macos-arm64 | 1.0 | 66.00 | OK | |||
r-oldrel-macos-x86_64 | 1.0 | 107.00 | OK | |||
r-oldrel-windows-x86_64 | 1.0 | 23.00 | 155.00 | 178.00 | OK |
Version: 1.0
Check: dependencies in R code
Result: NOTE
Namespace in Imports field not imported from: ‘foreach’
All declared Imports should be used.
Flavors: r-devel-linux-x86_64-fedora-clang, r-devel-linux-x86_64-fedora-gcc