Last updated on 2025-02-02 05:48:24 CET.
Flavor | Version | Tinstall | Tcheck | Ttotal | Status | Flags |
---|---|---|---|---|---|---|
r-devel-linux-x86_64-debian-clang | 1.3.1 | 14.24 | 164.22 | 178.46 | NOTE | |
r-devel-linux-x86_64-debian-gcc | 1.3.1 | 10.04 | 108.03 | 118.07 | NOTE | |
r-devel-linux-x86_64-fedora-clang | 1.3.1 | 309.03 | OK | |||
r-devel-linux-x86_64-fedora-gcc | 1.3.1 | 281.12 | OK | |||
r-devel-windows-x86_64 | 1.3.1 | 14.00 | 153.00 | 167.00 | NOTE | |
r-patched-linux-x86_64 | 1.3.1 | 15.48 | 152.11 | 167.59 | OK | |
r-release-linux-x86_64 | 1.3.1 | 11.74 | 151.77 | 163.51 | OK | |
r-release-macos-arm64 | 1.3.1 | 62.00 | OK | |||
r-release-macos-x86_64 | 1.3.1 | 112.00 | OK | |||
r-release-windows-x86_64 | 1.3.1 | 15.00 | 154.00 | 169.00 | OK | |
r-oldrel-macos-arm64 | 1.3.1 | 74.00 | OK | |||
r-oldrel-macos-x86_64 | 1.3.1 | 139.00 | OK | |||
r-oldrel-windows-x86_64 | 1.3.1 | 19.00 | 205.00 | 224.00 | OK |
Version: 1.3.1
Check: Rd cross-references
Result: NOTE
Found the following Rd file(s) with Rd \link{} targets missing package
anchors:
comb_EIG2.Rd: accuracy
comb_SA.Rd: accuracy
Please provide package anchors for all Rd \link{} targets not in the
package itself and the base packages.
Flavors: r-devel-linux-x86_64-debian-clang, r-devel-linux-x86_64-debian-gcc, r-devel-windows-x86_64