CRAN Package Check Results for Package FluMoDL

Last updated on 2025-02-09 06:49:45 CET.

Flavor Version Tinstall Tcheck Ttotal Status Flags
r-devel-linux-x86_64-debian-clang 0.0.3 8.61 61.51 70.12 NOTE
r-devel-linux-x86_64-debian-gcc 0.0.3 5.85 45.04 50.89 NOTE
r-devel-linux-x86_64-fedora-clang 0.0.3 110.67 OK
r-devel-linux-x86_64-fedora-gcc 0.0.3 106.87 OK
r-devel-windows-x86_64 0.0.3 8.00 76.00 84.00 NOTE
r-patched-linux-x86_64 0.0.3 9.93 57.62 67.55 OK
r-release-linux-x86_64 0.0.3 7.92 57.46 65.38 OK
r-release-macos-arm64 0.0.3 34.00 OK
r-release-macos-x86_64 0.0.3 48.00 OK
r-release-windows-x86_64 0.0.3 9.00 75.00 84.00 OK
r-oldrel-macos-arm64 0.0.3 41.00 OK
r-oldrel-macos-x86_64 0.0.3 61.00 OK
r-oldrel-windows-x86_64 0.0.3 12.00 90.00 102.00 OK

Check Details

Version: 0.0.3
Check: Rd cross-references
Result: NOTE Found the following Rd file(s) with Rd \link{} targets missing package anchors: addPredictions.Rd: crosspred metaFluMoDL.Rd: mvmeta Please provide package anchors for all Rd \link{} targets not in the package itself and the base packages. Flavors: r-devel-linux-x86_64-debian-clang, r-devel-linux-x86_64-debian-gcc, r-devel-windows-x86_64