Last updated on 2025-02-03 05:49:06 CET.
Flavor | Version | Tinstall | Tcheck | Ttotal | Status | Flags |
---|---|---|---|---|---|---|
r-devel-linux-x86_64-debian-clang | 2.3.1 | 136.87 | 491.96 | 628.83 | NOTE | |
r-devel-linux-x86_64-debian-gcc | 2.3.1 | 126.52 | 364.32 | 490.84 | NOTE | |
r-devel-linux-x86_64-fedora-clang | 2.3.1 | 1040.10 | OK | |||
r-devel-linux-x86_64-fedora-gcc | 2.3.1 | 1349.93 | OK | |||
r-devel-windows-x86_64 | 2.3.1 | 127.00 | 314.00 | 441.00 | OK | --no-vignettes |
r-patched-linux-x86_64 | 2.3.1 | 164.93 | 474.93 | 639.86 | NOTE | |
r-release-linux-x86_64 | 2.3.1 | 171.57 | 478.62 | 650.19 | NOTE | |
r-release-macos-arm64 | 2.3.1 | 200.00 | NOTE | |||
r-release-macos-x86_64 | 2.3.1 | 385.00 | NOTE | |||
r-release-windows-x86_64 | 2.3.1 | 135.00 | 299.00 | 434.00 | NOTE | --no-vignettes |
r-oldrel-macos-arm64 | 2.3.1 | 422.00 | NOTE | |||
r-oldrel-macos-x86_64 | 2.3.1 | 630.00 | NOTE | |||
r-oldrel-windows-x86_64 | 2.3.1 | 182.00 | 340.00 | 522.00 | NOTE | --no-vignettes |
Version: 2.3.1
Check: for unstated dependencies in ‘demo’
Result: NOTE
'library' or 'require' call not declared from: ‘gridExtra’
Flavors: r-devel-linux-x86_64-debian-clang, r-devel-linux-x86_64-debian-gcc
Version: 2.3.1
Check: package dependencies
Result: NOTE
Package suggested but not available for checking: ‘dggrids’
Flavors: r-patched-linux-x86_64, r-release-linux-x86_64, r-release-macos-arm64, r-release-macos-x86_64, r-oldrel-macos-arm64, r-oldrel-macos-x86_64
Version: 2.3.1
Check: installed package size
Result: NOTE
installed size is 105.4Mb
sub-directories of 1Mb or more:
data 5.0Mb
doc 1.8Mb
libs 97.5Mb
Flavors: r-release-macos-arm64, r-release-macos-x86_64, r-oldrel-macos-arm64, r-oldrel-macos-x86_64
Version: 2.3.1
Flags: --no-vignettes
Check: package dependencies
Result: NOTE
Package suggested but not available for checking: 'dggrids'
Flavors: r-release-windows-x86_64, r-oldrel-windows-x86_64
Version: 2.3.1
Flags: --no-vignettes
Check: installed package size
Result: NOTE
installed size is 20.6Mb
sub-directories of 1Mb or more:
data 4.8Mb
doc 1.8Mb
libs 12.8Mb
Flavors: r-release-windows-x86_64, r-oldrel-windows-x86_64