Last updated on 2024-08-07 05:50:02 CEST.
Flavor | Version | Tinstall | Tcheck | Ttotal | Status | Flags |
---|---|---|---|---|---|---|
r-devel-linux-x86_64-debian-clang | 1.4.0 | 55.72 | 391.66 | 447.38 | NOTE | |
r-devel-linux-x86_64-debian-gcc | 1.4.0 | 42.81 | 260.30 | 303.11 | NOTE | |
r-devel-linux-x86_64-fedora-clang | 1.4.0 | 757.13 | NOTE | |||
r-devel-linux-x86_64-fedora-gcc | 1.4.0 | 785.39 | OK | |||
r-devel-windows-x86_64 | 1.4.0 | 52.00 | 365.00 | 417.00 | NOTE | |
r-patched-linux-x86_64 | 1.4.0 | 65.29 | 410.33 | 475.62 | OK | |
r-release-linux-x86_64 | 1.4.0 | 61.54 | 419.00 | 480.54 | OK | |
r-release-macos-arm64 | 1.4.0 | 202.00 | NOTE | |||
r-release-macos-x86_64 | 1.4.0 | 297.00 | NOTE | |||
r-release-windows-x86_64 | 1.4.0 | 59.00 | 375.00 | 434.00 | NOTE | |
r-oldrel-macos-arm64 | 1.4.0 | 199.00 | NOTE | |||
r-oldrel-macos-x86_64 | 1.4.0 | 385.00 | NOTE | |||
r-oldrel-windows-x86_64 | 1.4.0 | 73.00 | 476.00 | 549.00 | NOTE |
Version: 1.4.0
Check: Rd cross-references
Result: NOTE
Found the following Rd file(s) with Rd \link{} targets missing package
anchors:
correlations.Rd: saveWidget
distance.sampling.Rd: ds
normalize.Rd: classify_ground, grid_terrain, normalize_height
optimize.plot.design.Rd: saveWidget
relative.bias.Rd: saveWidget
simulations.Rd: vroom
tree.detection.several.plots.Rd: vroom_write
Please provide package anchors for all Rd \link{} targets not in the
package itself and the base packages.
Flavors: r-devel-linux-x86_64-debian-clang, r-devel-linux-x86_64-debian-gcc, r-devel-windows-x86_64
Version: 1.4.0
Check: installed package size
Result: NOTE
installed size is 5.7Mb
sub-directories of 1Mb or more:
data 2.7Mb
doc 1.1Mb
help 1.0Mb
Flavors: r-devel-linux-x86_64-fedora-clang, r-devel-windows-x86_64, r-release-macos-arm64, r-release-macos-x86_64, r-release-windows-x86_64, r-oldrel-macos-arm64, r-oldrel-macos-x86_64, r-oldrel-windows-x86_64