CRAN Package Check Results for Package FORTLS

Last updated on 2025-02-03 05:49:06 CET.

Flavor Version Tinstall Tcheck Ttotal Status Flags
r-devel-linux-x86_64-debian-clang 1.4.0 60.40 427.18 487.58 NOTE
r-devel-linux-x86_64-debian-gcc 1.4.0 45.22 272.39 317.61 NOTE
r-devel-linux-x86_64-fedora-clang 1.4.0 813.64 OK
r-devel-linux-x86_64-fedora-gcc 1.4.0 857.70 OK
r-devel-windows-x86_64 1.4.0 55.00 404.00 459.00 NOTE
r-patched-linux-x86_64 1.4.0 70.26 412.86 483.12 OK
r-release-linux-x86_64 1.4.0 59.95 417.16 477.11 OK
r-release-macos-arm64 1.4.0 202.00 NOTE
r-release-macos-x86_64 1.4.0 297.00 NOTE
r-release-windows-x86_64 1.4.0 56.00 390.00 446.00 NOTE
r-oldrel-macos-arm64 1.4.0 199.00 NOTE
r-oldrel-macos-x86_64 1.4.0 385.00 NOTE
r-oldrel-windows-x86_64 1.4.0 75.00 493.00 568.00 NOTE

Check Details

Version: 1.4.0
Check: Rd cross-references
Result: NOTE Found the following Rd file(s) with Rd \link{} targets missing package anchors: correlations.Rd: saveWidget distance.sampling.Rd: ds normalize.Rd: classify_ground, grid_terrain, normalize_height optimize.plot.design.Rd: saveWidget relative.bias.Rd: saveWidget simulations.Rd: vroom tree.detection.several.plots.Rd: vroom_write Please provide package anchors for all Rd \link{} targets not in the package itself and the base packages. Flavors: r-devel-linux-x86_64-debian-clang, r-devel-linux-x86_64-debian-gcc, r-devel-windows-x86_64

Version: 1.4.0
Check: installed package size
Result: NOTE installed size is 23.3Mb sub-directories of 1Mb or more: data 2.7Mb doc 1.1Mb help 1.0Mb libs 18.1Mb Flavors: r-release-macos-arm64, r-release-macos-x86_64, r-release-windows-x86_64, r-oldrel-macos-arm64, r-oldrel-macos-x86_64, r-oldrel-windows-x86_64