Last updated on 2025-02-03 05:49:06 CET.
Flavor | Version | Tinstall | Tcheck | Ttotal | Status | Flags |
---|---|---|---|---|---|---|
r-devel-linux-x86_64-debian-clang | 9.2.0 | 241.80 | 48.69 | 290.49 | OK | |
r-devel-linux-x86_64-debian-gcc | 9.2.0 | 209.90 | 37.84 | 247.74 | OK | |
r-devel-linux-x86_64-fedora-clang | 9.2.0 | 510.46 | OK | |||
r-devel-linux-x86_64-fedora-gcc | 9.2.0 | 728.40 | OK | |||
r-devel-windows-x86_64 | 9.2.0 | 259.00 | 95.00 | 354.00 | OK | |
r-patched-linux-x86_64 | 9.2.0 | 297.58 | 46.30 | 343.88 | NOTE | |
r-release-linux-x86_64 | 9.2.0 | 295.97 | 45.23 | 341.20 | NOTE | |
r-release-macos-arm64 | 9.2.0 | 79.00 | NOTE | |||
r-release-macos-x86_64 | 9.2.0 | 84.00 | NOTE | |||
r-release-windows-x86_64 | 9.2.0 | 261.00 | 101.00 | 362.00 | NOTE | |
r-oldrel-macos-arm64 | 9.1.8 | 158.00 | NOTE | |||
r-oldrel-macos-x86_64 | 9.1.8 | 202.00 | NOTE | |||
r-oldrel-windows-x86_64 | 9.2.0 | 235.00 | 117.00 | 352.00 | NOTE |
Version: 9.2.0
Check: for GNU extensions in Makefiles
Result: NOTE
GNU make is a SystemRequirements.
Flavors: r-patched-linux-x86_64, r-release-linux-x86_64, r-release-macos-arm64, r-release-macos-x86_64, r-release-windows-x86_64, r-oldrel-windows-x86_64
Version: 9.2.0
Check: installed package size
Result: NOTE
installed size is 26.5Mb
sub-directories of 1Mb or more:
libs 26.2Mb
Flavors: r-release-macos-arm64, r-release-macos-x86_64
Version: 9.1.8
Check: installed package size
Result: NOTE
installed size is 27.2Mb
sub-directories of 1Mb or more:
libs 26.8Mb
Flavors: r-oldrel-macos-arm64, r-oldrel-macos-x86_64
Version: 9.1.8
Check: for GNU extensions in Makefiles
Result: NOTE
GNU make is a SystemRequirements.
Flavors: r-oldrel-macos-arm64, r-oldrel-macos-x86_64