Last updated on 2025-02-02 05:48:23 CET.
Flavor | Version | Tinstall | Tcheck | Ttotal | Status | Flags |
---|---|---|---|---|---|---|
r-devel-linux-x86_64-debian-clang | 0.6.1.1 | 26.10 | 85.17 | 111.27 | NOTE | |
r-devel-linux-x86_64-debian-gcc | 0.6.1.1 | 19.70 | 65.26 | 84.96 | NOTE | |
r-devel-linux-x86_64-fedora-clang | 0.6.1.1 | 195.40 | OK | |||
r-devel-linux-x86_64-fedora-gcc | 0.6.1.1 | 197.89 | OK | |||
r-devel-windows-x86_64 | 0.6.1.1 | 30.00 | 126.00 | 156.00 | NOTE | |
r-patched-linux-x86_64 | 0.6.1.1 | 30.79 | 81.44 | 112.23 | OK | |
r-release-linux-x86_64 | 0.6.1.1 | 25.42 | 81.51 | 106.93 | OK | |
r-release-macos-arm64 | 0.6.1.1 | 69.00 | OK | |||
r-release-macos-x86_64 | 0.6.1.1 | 109.00 | OK | |||
r-release-windows-x86_64 | 0.6.1.1 | 29.00 | 127.00 | 156.00 | OK | |
r-oldrel-macos-arm64 | 0.6.1.1 | 71.00 | OK | |||
r-oldrel-macos-x86_64 | 0.6.1.1 | 135.00 | OK | |||
r-oldrel-windows-x86_64 | 0.6.1.1 | 34.00 | 153.00 | 187.00 | OK |
Version: 0.6.1.1
Check: Rd cross-references
Result: NOTE
Found the following Rd file(s) with Rd \link{} targets missing package
anchors:
catalog.Rd: inside.owin
Please provide package anchors for all Rd \link{} targets not in the
package itself and the base packages.
Flavors: r-devel-linux-x86_64-debian-clang, r-devel-linux-x86_64-debian-gcc, r-devel-windows-x86_64