Last updated on 2024-06-30 05:53:07 CEST.
Flavor | Version | Tinstall | Tcheck | Ttotal | Status | Flags |
---|---|---|---|---|---|---|
r-devel-linux-x86_64-debian-clang | 0.5.5 | 14.23 | 42.31 | 56.54 | NOTE | |
r-devel-linux-x86_64-debian-gcc | 0.5.5 | 11.36 | 32.15 | 43.51 | NOTE | |
r-devel-linux-x86_64-fedora-clang | 0.5.5 | 71.48 | NOTE | |||
r-devel-linux-x86_64-fedora-gcc | 0.5.5 | 88.01 | NOTE | |||
r-devel-windows-x86_64 | 0.5.5 | 1.00 | 5.00 | 6.00 | ERROR | |
r-patched-linux-x86_64 | 0.5.5 | 13.86 | 39.80 | 53.66 | NOTE | |
r-release-linux-x86_64 | 0.5.5 | 14.29 | 40.18 | 54.47 | NOTE | |
r-release-macos-arm64 | 0.5.5 | 34.00 | NOTE | |||
r-release-macos-x86_64 | 0.5.5 | 55.00 | NOTE | |||
r-release-windows-x86_64 | 0.5.5 | 2.00 | 5.00 | 7.00 | ERROR | |
r-oldrel-macos-arm64 | 0.5.5 | 35.00 | NOTE | |||
r-oldrel-macos-x86_64 | 0.5.5 | 89.00 | NOTE | |||
r-oldrel-windows-x86_64 | 0.5.5 | 39.00 | 65.00 | 104.00 | NOTE |
Version: 0.5.5
Check: for GNU extensions in Makefiles
Result: NOTE
GNU make is a SystemRequirements.
Flavors: r-devel-linux-x86_64-debian-clang, r-devel-linux-x86_64-debian-gcc, r-devel-linux-x86_64-fedora-clang, r-devel-linux-x86_64-fedora-gcc, r-patched-linux-x86_64, r-release-linux-x86_64, r-release-macos-arm64, r-release-macos-x86_64, r-oldrel-macos-arm64, r-oldrel-macos-x86_64, r-oldrel-windows-x86_64
Version: 0.5.5
Check: whether package can be installed
Result: ERROR
Installation failed.
Flavors: r-devel-windows-x86_64, r-release-windows-x86_64