Last updated on 2024-06-30 05:53:06 CEST.
Flavor | Version | Tinstall | Tcheck | Ttotal | Status | Flags |
---|---|---|---|---|---|---|
r-devel-linux-x86_64-debian-clang | 1.0 | 33.47 | 26.20 | 59.67 | NOTE | |
r-devel-linux-x86_64-debian-gcc | 1.0 | 23.22 | 20.78 | 44.00 | NOTE | |
r-devel-linux-x86_64-fedora-clang | 1.0 | 87.57 | NOTE | |||
r-devel-linux-x86_64-fedora-gcc | 1.0 | 85.04 | NOTE | |||
r-devel-windows-x86_64 | 1.0 | 30.00 | 65.00 | 95.00 | NOTE | |
r-patched-linux-x86_64 | 1.0 | 30.03 | 25.68 | 55.71 | NOTE | |
r-release-linux-x86_64 | 1.0 | 27.35 | 26.02 | 53.37 | NOTE | |
r-release-macos-arm64 | 1.0 | 25.00 | NOTE | |||
r-release-macos-x86_64 | 1.0 | 41.00 | NOTE | |||
r-release-windows-x86_64 | 1.0 | 27.00 | 67.00 | 94.00 | NOTE | |
r-oldrel-macos-arm64 | 1.0 | 26.00 | NOTE | |||
r-oldrel-macos-x86_64 | 1.0 | 42.00 | NOTE | |||
r-oldrel-windows-x86_64 | 1.0 | 35.00 | 70.00 | 105.00 | NOTE |
Version: 1.0
Check: LazyData
Result: NOTE
'LazyData' is specified without a 'data' directory
Flavors: r-devel-linux-x86_64-debian-clang, r-devel-linux-x86_64-debian-gcc, r-devel-linux-x86_64-fedora-clang, r-devel-linux-x86_64-fedora-gcc, r-devel-windows-x86_64, r-patched-linux-x86_64, r-release-linux-x86_64, r-release-macos-arm64, r-release-macos-x86_64, r-release-windows-x86_64, r-oldrel-macos-arm64, r-oldrel-macos-x86_64, r-oldrel-windows-x86_64