Last updated on 2024-06-21 05:58:03 CEST.
Flavor | Version | Tinstall | Tcheck | Ttotal | Status | Flags |
---|---|---|---|---|---|---|
r-devel-linux-x86_64-debian-clang | 1.0 | 3.27 | 44.19 | 47.46 | NOTE | |
r-devel-linux-x86_64-debian-gcc | 1.0 | 2.63 | 32.29 | 34.92 | NOTE | |
r-devel-linux-x86_64-fedora-clang | 1.0 | 59.32 | NOTE | |||
r-devel-linux-x86_64-fedora-gcc | 1.0 | 55.20 | NOTE | |||
r-devel-windows-x86_64 | 1.0 | 4.00 | 53.00 | 57.00 | NOTE | |
r-patched-linux-x86_64 | 1.0 | 3.65 | 42.04 | 45.69 | NOTE | |
r-release-linux-x86_64 | 1.0 | 3.23 | 41.90 | 45.13 | NOTE | |
r-release-macos-arm64 | 1.0 | 22.00 | NOTE | |||
r-release-macos-x86_64 | 1.0 | 34.00 | NOTE | |||
r-release-windows-x86_64 | 1.0 | 4.00 | 55.00 | 59.00 | NOTE | |
r-oldrel-macos-arm64 | 1.0 | 24.00 | OK | |||
r-oldrel-macos-x86_64 | 1.0 | 31.00 | OK | |||
r-oldrel-windows-x86_64 | 1.0 | 5.00 | 60.00 | 65.00 | OK |
Version: 1.0
Check: Rd files
Result: NOTE
checkRd: (-1) DTWUMI_1gap_imputation.Rd:33: Lost braces in \itemize; \value handles \item{}{} directly
checkRd: (-1) DTWUMI_1gap_imputation.Rd:34: Lost braces in \itemize; \value handles \item{}{} directly
checkRd: (-1) DTWUMI_1gap_imputation.Rd:35: Lost braces in \itemize; \value handles \item{}{} directly
checkRd: (-1) DTWUMI_1gap_imputation.Rd:36: Lost braces in \itemize; \value handles \item{}{} directly
checkRd: (-1) DTWUMI_1gap_imputation.Rd:37: Lost braces in \itemize; \value handles \item{}{} directly
Flavors: r-devel-linux-x86_64-debian-clang, r-devel-linux-x86_64-debian-gcc, r-devel-linux-x86_64-fedora-clang, r-devel-linux-x86_64-fedora-gcc, r-devel-windows-x86_64, r-patched-linux-x86_64, r-release-linux-x86_64, r-release-macos-arm64, r-release-macos-x86_64, r-release-windows-x86_64