Last updated on 2024-06-30 05:53:06 CEST.
Flavor | Version | Tinstall | Tcheck | Ttotal | Status | Flags |
---|---|---|---|---|---|---|
r-devel-linux-x86_64-debian-clang | 1.0.6 | 6.16 | 162.59 | 168.75 | NOTE | |
r-devel-linux-x86_64-debian-gcc | 1.0.6 | 5.03 | 117.25 | 122.28 | NOTE | |
r-devel-linux-x86_64-fedora-clang | 1.0.6 | 219.98 | NOTE | |||
r-devel-linux-x86_64-fedora-gcc | 1.0.6 | 214.89 | NOTE | |||
r-devel-windows-x86_64 | 1.0.6 | 7.00 | 156.00 | 163.00 | NOTE | |
r-patched-linux-x86_64 | 1.0.6 | 6.97 | 159.47 | 166.44 | NOTE | |
r-release-linux-x86_64 | 1.0.6 | 7.05 | 155.01 | 162.06 | NOTE | |
r-release-macos-arm64 | 1.0.6 | 35.00 | NOTE | |||
r-release-macos-x86_64 | 1.0.6 | 149.00 | NOTE | |||
r-release-windows-x86_64 | 1.0.6 | 8.00 | 168.00 | 176.00 | NOTE | |
r-oldrel-macos-arm64 | 1.0.6 | 34.00 | NOTE | |||
r-oldrel-macos-x86_64 | 1.0.6 | 57.00 | NOTE | |||
r-oldrel-windows-x86_64 | 1.0.6 | 8.00 | 174.00 | 182.00 | OK |
Version: 1.0.6
Check: Rd files
Result: NOTE
checkRd: (-1) runContrasts.Rd:79: Lost braces in \itemize; meant \describe ?
checkRd: (-1) runContrasts.Rd:80: Lost braces in \itemize; meant \describe ?
checkRd: (-1) runContrasts.Rd:81: Lost braces in \itemize; meant \describe ?
checkRd: (-1) runContrasts.Rd:82: Lost braces in \itemize; meant \describe ?
Flavors: r-devel-linux-x86_64-debian-clang, r-devel-linux-x86_64-debian-gcc, r-devel-linux-x86_64-fedora-clang, r-devel-linux-x86_64-fedora-gcc, r-devel-windows-x86_64, r-patched-linux-x86_64, r-release-linux-x86_64, r-release-macos-arm64, r-release-macos-x86_64, r-release-windows-x86_64
Version: 1.0.6
Check: package dependencies
Result: NOTE
Package suggested but not available for checking: ‘zFPKM’
Flavor: r-release-macos-arm64
Version: 1.0.6
Check: package dependencies
Result: NOTE
Packages suggested but not available for checking:
'IHW', 'RNASeqPower', 'zFPKM'
Flavors: r-oldrel-macos-arm64, r-oldrel-macos-x86_64