Last updated on 2024-08-06 05:49:20 CEST.
Flavor | Version | Tinstall | Tcheck | Ttotal | Status | Flags |
---|---|---|---|---|---|---|
r-devel-linux-x86_64-debian-clang | 0.1.1 | 3.45 | 154.37 | 157.82 | NOTE | |
r-devel-linux-x86_64-debian-gcc | 0.1.1 | 2.13 | 79.17 | 81.30 | NOTE | |
r-devel-linux-x86_64-fedora-clang | 0.1.1 | 191.65 | NOTE | |||
r-devel-linux-x86_64-fedora-gcc | 0.1.1 | 199.56 | NOTE | |||
r-devel-windows-x86_64 | 0.1.1 | 4.00 | 114.00 | 118.00 | NOTE | |
r-patched-linux-x86_64 | 0.1.1 | 2.82 | 110.05 | 112.87 | NOTE | |
r-release-linux-x86_64 | 0.1.1 | 2.76 | 147.42 | 150.18 | NOTE | |
r-release-macos-arm64 | 0.1.1 | 50.00 | NOTE | |||
r-release-macos-x86_64 | 0.1.1 | 79.00 | NOTE | |||
r-release-windows-x86_64 | 0.1.1 | 4.00 | 120.00 | 124.00 | NOTE | |
r-oldrel-macos-arm64 | 0.1.1 | 54.00 | OK | |||
r-oldrel-macos-x86_64 | 0.1.1 | 90.00 | OK | |||
r-oldrel-windows-x86_64 | 0.1.1 | 4.00 | 133.00 | 137.00 | OK |
Version: 0.1.1
Check: Rd files
Result: NOTE
checkRd: (-1) cf_grid.Rd:38: Lost braces; missing escapes or markup?
38 | heat.colors, terrain.colors, topo.colors, and function(x) {gray((1:x)/x)}.}
| ^
checkRd: (-1) cf_highdim.Rd:58: Lost braces; missing escapes or markup?
58 | heat.colors, terrain.colors, topo.colors, and function(x) {gray((1:x)/x)}.}
| ^
checkRd: (-1) gcf_grid.Rd:51: Lost braces; missing escapes or markup?
51 | heat.colors, terrain.colors, topo.colors, and function(x) {gray((1:x)/x)}.}
| ^
Flavors: r-devel-linux-x86_64-debian-clang, r-devel-linux-x86_64-debian-gcc, r-devel-linux-x86_64-fedora-clang, r-devel-linux-x86_64-fedora-gcc, r-devel-windows-x86_64, r-patched-linux-x86_64, r-release-linux-x86_64, r-release-macos-arm64, r-release-macos-x86_64, r-release-windows-x86_64