Last updated on 2024-06-30 05:53:05 CEST.
Flavor | Version | Tinstall | Tcheck | Ttotal | Status | Flags |
---|---|---|---|---|---|---|
r-devel-linux-x86_64-debian-clang | 1.0.4 | 28.20 | 92.97 | 121.17 | OK | |
r-devel-linux-x86_64-debian-gcc | 1.0.4 | 22.35 | 70.26 | 92.61 | OK | |
r-devel-linux-x86_64-fedora-clang | 1.0.4 | 162.46 | NOTE | |||
r-devel-linux-x86_64-fedora-gcc | 1.0.4 | 157.92 | NOTE | |||
r-devel-windows-x86_64 | 1.0.4 | 27.00 | 105.00 | 132.00 | OK | |
r-patched-linux-x86_64 | 1.0.4 | 31.32 | 89.86 | 121.18 | OK | |
r-release-linux-x86_64 | 1.0.4 | 30.01 | 92.42 | 122.43 | OK | |
r-release-macos-arm64 | 1.0.4 | 43.00 | OK | |||
r-release-macos-x86_64 | 1.0.4 | 67.00 | OK | |||
r-release-windows-x86_64 | 1.0.4 | 27.00 | 103.00 | 130.00 | OK | |
r-oldrel-macos-arm64 | 1.0.4 | 52.00 | OK | |||
r-oldrel-macos-x86_64 | 1.0.4 | 89.00 | OK | |||
r-oldrel-windows-x86_64 | 1.0.4 | 34.00 | 126.00 | 160.00 | OK |
Version: 1.0.4
Check: compiled code
Result: NOTE
File ‘ClusterStability/libs/ClusterStability.so’:
Found no calls to: ‘R_registerRoutines’, ‘R_useDynamicSymbols’
It is good practice to register native routines and to disable symbol
search.
See ‘Writing portable packages’ in the ‘Writing R Extensions’ manual.
Flavors: r-devel-linux-x86_64-fedora-clang, r-devel-linux-x86_64-fedora-gcc