Last updated on 2024-08-07 05:49:59 CEST.
Flavor | Version | Tinstall | Tcheck | Ttotal | Status | Flags |
---|---|---|---|---|---|---|
r-devel-linux-x86_64-debian-clang | 0.6.3 | 16.61 | 111.30 | 127.91 | NOTE | |
r-devel-linux-x86_64-debian-gcc | 0.6.3 | 10.96 | 75.86 | 86.82 | NOTE | |
r-devel-linux-x86_64-fedora-clang | 0.6.3 | 206.91 | OK | |||
r-devel-linux-x86_64-fedora-gcc | 0.6.3 | 196.43 | OK | |||
r-devel-windows-x86_64 | 0.6.3 | 17.00 | 119.00 | 136.00 | NOTE | |
r-patched-linux-x86_64 | 0.6.3 | 21.61 | 108.30 | 129.91 | OK | |
r-release-linux-x86_64 | 0.6.3 | 14.11 | 106.87 | 120.98 | OK | |
r-release-macos-arm64 | 0.6.3 | 49.00 | OK | |||
r-release-macos-x86_64 | 0.6.3 | 79.00 | OK | |||
r-release-windows-x86_64 | 0.6.3 | 20.00 | 118.00 | 138.00 | OK | |
r-oldrel-macos-arm64 | 0.6.3 | 64.00 | OK | |||
r-oldrel-macos-x86_64 | 0.6.3 | 101.00 | OK | |||
r-oldrel-windows-x86_64 | 0.6.3 | 22.00 | 153.00 | 175.00 | OK |
Version: 0.6.3
Check: Rd cross-references
Result: NOTE
Found the following Rd file(s) with Rd \link{} targets missing package
anchors:
estimate_ancestral_states.Rd: rerootingMethod, phytools, ace, ape
find_minimum_spanning_edges.Rd: mst, ape
fix_root_time.Rd: drop.tip, ape
map_stochastic_changes.Rd: make.simmap, phytools
ordinate_cladistic_matrix.Rd: pcoa, ape
plot_rates_character.Rd: geoscale
plot_rates_time.Rd: geoscalePlot, geoscale
plot_rates_tree.Rd: geoscale
read_nexus_matrix.Rd: read.nexus.data
safe_taxonomic_reinsertion.Rd: ape, read.tree, read.nexus
Please provide package anchors for all Rd \link{} targets not in the
package itself and the base packages.
Flavors: r-devel-linux-x86_64-debian-clang, r-devel-linux-x86_64-debian-gcc, r-devel-windows-x86_64