Last updated on 2024-06-30 05:53:06 CEST.
Flavor | Version | Tinstall | Tcheck | Ttotal | Status | Flags |
---|---|---|---|---|---|---|
r-devel-linux-x86_64-debian-clang | 0.6.7 | 2.96 | 31.77 | 34.73 | OK | |
r-devel-linux-x86_64-debian-gcc | 0.6.7 | 2.01 | 24.46 | 26.47 | OK | |
r-devel-linux-x86_64-fedora-clang | 0.6.7 | 44.48 | NOTE | |||
r-devel-linux-x86_64-fedora-gcc | 0.6.7 | 54.43 | NOTE | |||
r-devel-windows-x86_64 | 0.6.7 | 4.00 | 47.00 | 51.00 | OK | |
r-patched-linux-x86_64 | 0.6.7 | 2.84 | 29.59 | 32.43 | OK | |
r-release-linux-x86_64 | 0.6.7 | 2.29 | 30.49 | 32.78 | OK | |
r-release-macos-arm64 | 0.6.7 | 25.00 | OK | |||
r-release-macos-x86_64 | 0.6.7 | 35.00 | OK | |||
r-release-windows-x86_64 | 0.6.7 | 4.00 | 48.00 | 52.00 | OK | |
r-oldrel-macos-arm64 | 0.6.7 | 30.00 | OK | |||
r-oldrel-macos-x86_64 | 0.6.7 | 35.00 | OK | |||
r-oldrel-windows-x86_64 | 0.6.7 | 5.00 | 49.00 | 54.00 | OK |
Version: 0.6.7
Check: dependencies in R code
Result: NOTE
Namespaces in Imports field not imported from:
‘extrafont’ ‘future’
All declared Imports should be used.
Flavors: r-devel-linux-x86_64-fedora-clang, r-devel-linux-x86_64-fedora-gcc