Last updated on 2025-02-03 05:49:03 CET.
Flavor | Version | Tinstall | Tcheck | Ttotal | Status | Flags |
---|---|---|---|---|---|---|
r-devel-linux-x86_64-debian-clang | 0.1.3 | 25.87 | 161.54 | 187.41 | OK | |
r-devel-linux-x86_64-debian-gcc | 0.1.3 | 18.31 | 111.34 | 129.65 | OK | |
r-devel-linux-x86_64-fedora-clang | 0.1.3 | 317.55 | OK | |||
r-devel-linux-x86_64-fedora-gcc | 0.1.3 | 324.19 | OK | |||
r-devel-windows-x86_64 | 0.1.3 | 29.00 | 174.00 | 203.00 | OK | |
r-patched-linux-x86_64 | 0.1.3 | 27.54 | 151.44 | 178.98 | OK | |
r-release-linux-x86_64 | 0.1.3 | 21.96 | 150.17 | 172.13 | OK | |
r-release-macos-arm64 | 0.1.3 | 77.00 | NOTE | |||
r-release-macos-x86_64 | 0.1.3 | 125.00 | NOTE | |||
r-release-windows-x86_64 | 0.1.3 | 28.00 | 175.00 | 203.00 | NOTE | |
r-oldrel-macos-arm64 | 0.1.3 | 99.00 | NOTE | |||
r-oldrel-macos-x86_64 | 0.1.3 | 144.00 | NOTE | |||
r-oldrel-windows-x86_64 | 0.1.3 | 36.00 | 218.00 | 254.00 | NOTE |
Version: 0.1.3
Check: installed package size
Result: NOTE
installed size is 7.0Mb
sub-directories of 1Mb or more:
data 1.1Mb
doc 3.5Mb
libs 1.2Mb
Flavors: r-release-macos-arm64, r-release-macos-x86_64, r-release-windows-x86_64, r-oldrel-macos-arm64, r-oldrel-macos-x86_64, r-oldrel-windows-x86_64