Last updated on 2024-06-30 05:53:04 CEST.
Flavor | Version | Tinstall | Tcheck | Ttotal | Status | Flags |
---|---|---|---|---|---|---|
r-devel-linux-x86_64-debian-clang | 3.0.2 | 132.63 | 303.93 | 436.56 | OK | |
r-devel-linux-x86_64-debian-gcc | 3.0.2 | 90.72 | 243.24 | 333.96 | OK | |
r-devel-linux-x86_64-fedora-clang | 3.0.2 | 603.42 | OK | |||
r-devel-linux-x86_64-fedora-gcc | 3.0.2 | 541.06 | OK | |||
r-devel-windows-x86_64 | 3.0.2 | 99.00 | 136.00 | 235.00 | OK | --no-examples --no-tests --no-vignettes |
r-patched-linux-x86_64 | 3.0.2 | 80.38 | 313.57 | 393.95 | OK | |
r-release-linux-x86_64 | 3.0.2 | 103.37 | 298.81 | 402.18 | OK | |
r-release-macos-arm64 | 3.0.2 | 137.00 | NOTE | |||
r-release-macos-x86_64 | 3.0.2 | 215.00 | NOTE | |||
r-release-windows-x86_64 | 3.0.2 | 104.00 | 142.00 | 246.00 | OK | --no-examples --no-tests --no-vignettes |
r-oldrel-macos-arm64 | 3.0.2 | 138.00 | NOTE | |||
r-oldrel-macos-x86_64 | 3.0.2 | 311.00 | NOTE | |||
r-oldrel-windows-x86_64 | 3.0.2 | 128.00 | 142.00 | 270.00 | OK | --no-examples --no-tests --no-vignettes |
Version: 3.0.2
Check: installed package size
Result: NOTE
installed size is 8.3Mb
sub-directories of 1Mb or more:
libs 6.9Mb
Flavors: r-release-macos-arm64, r-release-macos-x86_64, r-oldrel-macos-arm64, r-oldrel-macos-x86_64