Last updated on 2024-08-16 05:48:17 CEST.
Flavor | Version | Tinstall | Tcheck | Ttotal | Status | Flags |
---|---|---|---|---|---|---|
r-devel-linux-x86_64-debian-clang | 2.1.6 | 102.20 | 61.56 | 163.76 | OK | |
r-devel-linux-x86_64-debian-gcc | 2.1.6 | 78.22 | 46.04 | 124.26 | OK | |
r-devel-linux-x86_64-fedora-clang | 2.1.6 | 314.92 | OK | |||
r-devel-linux-x86_64-fedora-gcc | 2.1.6 | 349.51 | OK | |||
r-devel-windows-x86_64 | 2.1.6 | 112.00 | 116.00 | 228.00 | OK | |
r-patched-linux-x86_64 | 2.1.6 | 107.60 | 58.62 | 166.22 | OK | |
r-release-linux-x86_64 | 2.1.6 | 107.80 | 59.13 | 166.93 | OK | |
r-release-macos-arm64 | 2.1.6 | 109.00 | NOTE | |||
r-release-macos-x86_64 | 2.1.6 | 161.00 | NOTE | |||
r-release-windows-x86_64 | 2.1.6 | 115.00 | 117.00 | 232.00 | OK | |
r-oldrel-macos-arm64 | 2.1.6 | 89.00 | NOTE | |||
r-oldrel-macos-x86_64 | 2.1.6 | 153.00 | NOTE | |||
r-oldrel-windows-x86_64 | 2.1.6 | 133.00 | 133.00 | 266.00 | OK |
Version: 2.1.6
Check: installed package size
Result: NOTE
installed size is 8.0Mb
sub-directories of 1Mb or more:
libs 7.5Mb
Flavors: r-release-macos-arm64, r-release-macos-x86_64, r-oldrel-macos-arm64, r-oldrel-macos-x86_64