Last updated on 2024-06-30 05:53:04 CEST.
Flavor | Version | Tinstall | Tcheck | Ttotal | Status | Flags |
---|---|---|---|---|---|---|
r-devel-linux-x86_64-debian-clang | 2.1.4 | 46.21 | 194.79 | 241.00 | OK | |
r-devel-linux-x86_64-debian-gcc | 2.1.4 | 32.97 | 142.29 | 175.26 | OK | |
r-devel-linux-x86_64-fedora-clang | 2.1.4 | 305.98 | NOTE | |||
r-devel-linux-x86_64-fedora-gcc | 2.1.4 | 294.53 | NOTE | |||
r-devel-windows-x86_64 | 2.1.4 | 38.00 | 158.00 | 196.00 | OK | |
r-patched-linux-x86_64 | 2.1.4 | 46.91 | 188.53 | 235.44 | OK | |
r-release-linux-x86_64 | 2.1.4 | 37.69 | 185.43 | 223.12 | OK | |
r-release-macos-arm64 | 2.1.4 | 66.00 | OK | |||
r-release-macos-x86_64 | 2.1.4 | 108.00 | OK | |||
r-release-windows-x86_64 | 2.1.4 | 41.00 | 159.00 | 200.00 | OK | |
r-oldrel-macos-arm64 | 2.1.4 | 70.00 | OK | |||
r-oldrel-macos-x86_64 | 2.1.4 | 205.00 | OK | |||
r-oldrel-windows-x86_64 | 2.1.4 | 48.00 | 205.00 | 253.00 | OK |
Version: 2.1.4
Check: dependencies in R code
Result: NOTE
Namespace in Imports field not imported from: ‘RBGL’
All declared Imports should be used.
Flavors: r-devel-linux-x86_64-fedora-clang, r-devel-linux-x86_64-fedora-gcc