Last updated on 2024-08-07 05:49:58 CEST.
Flavor | Version | Tinstall | Tcheck | Ttotal | Status | Flags |
---|---|---|---|---|---|---|
r-devel-linux-x86_64-debian-clang | 5.2 | 7.32 | 375.00 | 382.32 | NOTE | |
r-devel-linux-x86_64-debian-gcc | 5.2 | 5.33 | 202.06 | 207.39 | NOTE | |
r-devel-linux-x86_64-fedora-clang | 5.2 | 650.37 | NOTE | |||
r-devel-linux-x86_64-fedora-gcc | 5.2 | 718.21 | NOTE | |||
r-devel-windows-x86_64 | 5.2 | 8.00 | 371.00 | 379.00 | NOTE | |
r-patched-linux-x86_64 | 5.2 | 6.47 | 351.09 | 357.56 | NOTE | |
r-release-linux-x86_64 | 5.2 | 6.65 | 346.55 | 353.20 | NOTE | |
r-release-macos-arm64 | 5.2 | 284.00 | NOTE | |||
r-release-macos-x86_64 | 5.2 | 414.00 | NOTE | |||
r-release-windows-x86_64 | 5.2 | 9.00 | 371.00 | 380.00 | NOTE | |
r-oldrel-macos-arm64 | 5.2 | 260.00 | OK | |||
r-oldrel-macos-x86_64 | 5.2 | 381.00 | OK | |||
r-oldrel-windows-x86_64 | 5.2 | 9.00 | 445.00 | 454.00 | OK |
Version: 5.2
Check: Rd files
Result: NOTE
checkRd: (-1) gMLE.bb.Rd:18: Lost braces
18 | \item{optim.method}{optimization method in \code{optim()}{stats}.}
| ^
Flavors: r-devel-linux-x86_64-debian-clang, r-devel-linux-x86_64-debian-gcc, r-devel-linux-x86_64-fedora-clang, r-devel-linux-x86_64-fedora-gcc, r-devel-windows-x86_64, r-patched-linux-x86_64, r-release-linux-x86_64, r-release-macos-arm64, r-release-macos-x86_64, r-release-windows-x86_64