Last updated on 2025-02-03 05:49:01 CET.
Flavor | Version | Tinstall | Tcheck | Ttotal | Status | Flags |
---|---|---|---|---|---|---|
r-devel-linux-x86_64-debian-clang | 2012.04-1 | 1.25 | 20.51 | 21.76 | NOTE | |
r-devel-linux-x86_64-debian-gcc | 2012.04-1 | 1.10 | 16.99 | 18.09 | NOTE | |
r-devel-linux-x86_64-fedora-clang | 2012.04-1 | 36.33 | NOTE | |||
r-devel-linux-x86_64-fedora-gcc | 2012.04-1 | 34.61 | NOTE | |||
r-devel-windows-x86_64 | 2012.04-1 | 2.00 | 57.00 | 59.00 | NOTE | |
r-patched-linux-x86_64 | 2012.04-1 | 1.55 | 19.75 | 21.30 | NOTE | |
r-release-linux-x86_64 | 2012.04-1 | 1.23 | 20.12 | 21.35 | NOTE | |
r-release-macos-arm64 | 2012.04-1 | 20.00 | NOTE | |||
r-release-macos-x86_64 | 2012.04-1 | 28.00 | NOTE | |||
r-release-windows-x86_64 | 2012.04-1 | 3.00 | 48.00 | 51.00 | NOTE | |
r-oldrel-macos-arm64 | 2012.04-1 | 19.00 | NOTE | |||
r-oldrel-macos-x86_64 | 2012.04-1 | 23.00 | NOTE | |||
r-oldrel-windows-x86_64 | 2012.04-1 | 3.00 | 51.00 | 54.00 | NOTE |
Version: 2012.04-1
Check: Rd files
Result: NOTE
checkRd: (-1) dilution.Rd:13: Escaped LaTeX specials: \$
checkRd: (-1) dilution.Rd:15: Escaped LaTeX specials: \$
checkRd: (-1) dilution.Rd:16: Escaped LaTeX specials: \$
checkRd: (-1) dilution.Rd:17: Escaped LaTeX specials: \$
checkRd: (-1) personality.Rd:15: Escaped LaTeX specials: \$
checkRd: (-1) personality.Rd:16: Escaped LaTeX specials: \$
checkRd: (-1) personality.Rd:17: Escaped LaTeX specials: \$
Flavors: r-devel-linux-x86_64-debian-clang, r-devel-linux-x86_64-debian-gcc, r-devel-linux-x86_64-fedora-clang, r-devel-linux-x86_64-fedora-gcc, r-devel-windows-x86_64, r-patched-linux-x86_64, r-release-linux-x86_64, r-release-macos-arm64, r-release-macos-x86_64, r-release-windows-x86_64, r-oldrel-macos-arm64, r-oldrel-macos-x86_64, r-oldrel-windows-x86_64