Last updated on 2025-02-02 05:48:19 CET.
Flavor | Version | Tinstall | Tcheck | Ttotal | Status | Flags |
---|---|---|---|---|---|---|
r-devel-linux-x86_64-debian-clang | 0.1-2 | 32.42 | 27.69 | 60.11 | NOTE | |
r-devel-linux-x86_64-debian-gcc | 0.1-2 | 21.12 | 21.16 | 42.28 | NOTE | |
r-devel-linux-x86_64-fedora-clang | 0.1-2 | 114.73 | NOTE | |||
r-devel-linux-x86_64-fedora-gcc | 0.1-2 | 108.39 | NOTE | |||
r-devel-windows-x86_64 | 0.1-2 | 34.00 | 80.00 | 114.00 | NOTE | |
r-patched-linux-x86_64 | 0.1-2 | 31.53 | 25.98 | 57.51 | NOTE | |
r-release-linux-x86_64 | 0.1-2 | 30.32 | 26.47 | 56.79 | NOTE | |
r-release-macos-arm64 | 0.1-2 | 33.00 | NOTE | |||
r-release-macos-x86_64 | 0.1-2 | 44.00 | NOTE | |||
r-release-windows-x86_64 | 0.1-2 | 35.00 | 68.00 | 103.00 | NOTE | |
r-oldrel-macos-arm64 | 0.1-2 | 34.00 | NOTE | |||
r-oldrel-macos-x86_64 | 0.1-2 | 50.00 | NOTE | |||
r-oldrel-windows-x86_64 | 0.1-2 | 43.00 | 77.00 | 120.00 | NOTE |
Version: 0.1-2
Check: Rd files
Result: NOTE
checkRd: (-1) BayesComm-package.Rd:33: Escaped LaTeX specials: \&
Flavors: r-devel-linux-x86_64-debian-clang, r-devel-linux-x86_64-debian-gcc, r-devel-linux-x86_64-fedora-clang, r-devel-linux-x86_64-fedora-gcc, r-devel-windows-x86_64, r-patched-linux-x86_64, r-release-linux-x86_64, r-release-macos-arm64, r-release-macos-x86_64, r-release-windows-x86_64, r-oldrel-macos-arm64, r-oldrel-macos-x86_64, r-oldrel-windows-x86_64
Version: 0.1-2
Check: Rd cross-references
Result: NOTE
Found the following Rd file(s) with Rd \link{} targets missing package
anchors:
plot.bayescomm.Rd: plot.mcmc
summary.bayescomm.Rd: summary.mcmc
window.bayescomm.Rd: window.mcmc
Please provide package anchors for all Rd \link{} targets not in the
package itself and the base packages.
Flavors: r-devel-linux-x86_64-debian-clang, r-devel-linux-x86_64-debian-gcc, r-devel-windows-x86_64
Version: 0.1-2
Check: compiled code
Result: NOTE
File ‘BayesComm/libs/BayesComm.so’:
Found no calls to: ‘R_registerRoutines’, ‘R_useDynamicSymbols’
It is good practice to register native routines and to disable symbol
search.
See ‘Writing portable packages’ in the ‘Writing R Extensions’ manual.
Flavors: r-devel-linux-x86_64-fedora-clang, r-devel-linux-x86_64-fedora-gcc