Last updated on 2025-02-02 05:48:19 CET.
Flavor | Version | Tinstall | Tcheck | Ttotal | Status | Flags |
---|---|---|---|---|---|---|
r-devel-linux-x86_64-debian-clang | 0.2.0 | 20.19 | 41.90 | 62.09 | NOTE | |
r-devel-linux-x86_64-debian-gcc | 0.2.0 | 14.43 | 33.20 | 47.63 | NOTE | |
r-devel-linux-x86_64-fedora-clang | 0.2.0 | 115.58 | NOTE | |||
r-devel-linux-x86_64-fedora-gcc | 0.2.0 | 121.47 | NOTE | |||
r-devel-windows-x86_64 | 0.2.0 | 24.00 | 110.00 | 134.00 | NOTE | |
r-patched-linux-x86_64 | 0.2.0 | 20.20 | 39.96 | 60.16 | NOTE | |
r-release-linux-x86_64 | 0.2.0 | 21.51 | 39.94 | 61.45 | NOTE | |
r-release-macos-arm64 | 0.2.0 | 42.00 | NOTE | |||
r-release-macos-x86_64 | 0.2.0 | 86.00 | NOTE | |||
r-release-windows-x86_64 | 0.2.0 | 24.00 | 102.00 | 126.00 | NOTE | |
r-oldrel-macos-arm64 | 0.2.0 | 47.00 | NOTE | |||
r-oldrel-macos-x86_64 | 0.2.0 | 59.00 | NOTE | |||
r-oldrel-windows-x86_64 | 0.2.0 | 28.00 | 109.00 | 137.00 | NOTE |
Version: 0.2.0
Check: C++ specification
Result: NOTE
Specified C++11: please drop specification unless essential
Flavors: r-devel-linux-x86_64-debian-clang, r-devel-linux-x86_64-debian-gcc, r-devel-linux-x86_64-fedora-clang, r-devel-linux-x86_64-fedora-gcc, r-devel-windows-x86_64, r-patched-linux-x86_64, r-release-linux-x86_64, r-release-macos-arm64, r-release-macos-x86_64, r-release-windows-x86_64, r-oldrel-macos-arm64, r-oldrel-macos-x86_64, r-oldrel-windows-x86_64
Version: 0.2.0
Check: LazyData
Result: NOTE
'LazyData' is specified without a 'data' directory
Flavors: r-patched-linux-x86_64, r-release-linux-x86_64, r-release-macos-arm64, r-release-macos-x86_64, r-release-windows-x86_64, r-oldrel-macos-arm64, r-oldrel-macos-x86_64, r-oldrel-windows-x86_64
Version: 0.2.0
Check: package dependencies
Result: NOTE
Package suggested but not available for checking: ‘sparsenet’
Flavor: r-oldrel-macos-x86_64