Last updated on 2025-02-02 05:48:19 CET.
Flavor | Version | Tinstall | Tcheck | Ttotal | Status | Flags |
---|---|---|---|---|---|---|
r-devel-linux-x86_64-debian-clang | 1.2.6 | 30.32 | 274.38 | 304.70 | NOTE | |
r-devel-linux-x86_64-debian-gcc | 1.2.7 | 14.52 | 146.81 | 161.33 | OK | |
r-devel-linux-x86_64-fedora-clang | 1.2.7 | 451.55 | OK | |||
r-devel-linux-x86_64-fedora-gcc | 1.2.6 | 532.69 | NOTE | |||
r-devel-windows-x86_64 | 1.2.6 | 30.00 | 259.00 | 289.00 | NOTE | --no-vignettes |
r-patched-linux-x86_64 | 1.2.6 | 29.78 | 256.47 | 286.25 | OK | |
r-release-linux-x86_64 | 1.2.6 | 29.43 | 258.03 | 287.46 | OK | |
r-release-macos-arm64 | 1.2.7 | 125.00 | OK | |||
r-release-macos-x86_64 | 1.2.7 | 226.00 | OK | |||
r-release-windows-x86_64 | 1.2.6 | 29.00 | 252.00 | 281.00 | OK | --no-vignettes |
r-oldrel-macos-arm64 | 1.2.6 | 217.00 | OK | |||
r-oldrel-macos-x86_64 | 1.2.6 | 266.00 | OK | |||
r-oldrel-windows-x86_64 | 1.2.6 | 38.00 | 317.00 | 355.00 | OK | --no-vignettes |
Version: 1.2.6
Check: DESCRIPTION meta-information
Result: NOTE
Missing dependency on R >= 4.1.0 because package code uses the pipe
|> or function shorthand \(...) syntax added in R 4.1.0.
File(s) using such syntax:
‘BIEN.R’
Flavors: r-devel-linux-x86_64-debian-clang, r-devel-linux-x86_64-fedora-gcc
Version: 1.2.6
Flags: --no-vignettes
Check: DESCRIPTION meta-information
Result: NOTE
Missing dependency on R >= 4.1.0 because package code uses the pipe
|> or function shorthand \(...) syntax added in R 4.1.0.
File(s) using such syntax:
'BIEN.R'
Flavor: r-devel-windows-x86_64