Last updated on 2024-06-30 05:53:04 CEST.
Flavor | Version | Tinstall | Tcheck | Ttotal | Status | Flags |
---|---|---|---|---|---|---|
r-devel-linux-x86_64-debian-clang | 1.7.1 | 15.93 | 166.72 | 182.65 | NOTE | |
r-devel-linux-x86_64-debian-gcc | 1.7.1 | 12.93 | 116.59 | 129.52 | NOTE | |
r-devel-linux-x86_64-fedora-clang | 1.7.1 | 250.17 | NOTE | |||
r-devel-linux-x86_64-fedora-gcc | 1.7.1 | 233.15 | NOTE | |||
r-devel-windows-x86_64 | 1.7.1 | 23.00 | 163.00 | 186.00 | NOTE | |
r-patched-linux-x86_64 | 1.7.1 | 19.44 | 156.88 | 176.32 | OK | |
r-release-linux-x86_64 | 1.7.1 | 14.78 | 152.36 | 167.14 | OK | |
r-release-macos-arm64 | 1.7.1 | 74.00 | OK | |||
r-release-macos-x86_64 | 1.7.1 | 112.00 | OK | |||
r-release-windows-x86_64 | 1.7.1 | 24.00 | 162.00 | 186.00 | OK | |
r-oldrel-macos-arm64 | 1.7.1 | 81.00 | OK | |||
r-oldrel-macos-x86_64 | 1.7.1 | 220.00 | OK | |||
r-oldrel-windows-x86_64 | 1.7.1 | 26.00 | 189.00 | 215.00 | OK |
Version: 1.7.1
Check: compiled code
Result: NOTE
File ‘BAS/libs/BAS.so’:
Found non-API call to R: ‘SETLENGTH’
Compiled code should not call non-API entry points in R.
See ‘Writing portable packages’ in the ‘Writing R Extensions’ manual.
See section ‘Moving into C API compliance’ in the ‘Writing R
Extensions’ manual for issues with use of non-API entry points.
Flavors: r-devel-linux-x86_64-debian-clang, r-devel-linux-x86_64-debian-gcc, r-devel-linux-x86_64-fedora-clang, r-devel-linux-x86_64-fedora-gcc
Version: 1.7.1
Check: compiled code
Result: NOTE
File 'BAS/libs/x64/BAS.dll':
Found non-API call to R: 'SETLENGTH'
Compiled code should not call non-API entry points in R.
See 'Writing portable packages' in the 'Writing R Extensions' manual.
See section 'Moving into C API compliance' in the 'Writing R
Extensions' manual for issues with use of non-API entry points.
Flavor: r-devel-windows-x86_64