Last updated on 2025-02-02 05:48:18 CET.
Flavor | Version | Tinstall | Tcheck | Ttotal | Status | Flags |
---|---|---|---|---|---|---|
r-devel-linux-x86_64-debian-clang | 0.9.1 | 5.47 | 50.80 | 56.27 | NOTE | |
r-devel-linux-x86_64-debian-gcc | 0.9.1 | 4.54 | 36.08 | 40.62 | NOTE | |
r-devel-linux-x86_64-fedora-clang | 0.9.1 | 92.39 | OK | |||
r-devel-linux-x86_64-fedora-gcc | 0.9.1 | 84.77 | OK | |||
r-devel-windows-x86_64 | 0.9.1 | 8.00 | 70.00 | 78.00 | NOTE | |
r-patched-linux-x86_64 | 0.9.1 | 10.29 | 48.96 | 59.25 | OK | |
r-release-linux-x86_64 | 0.9.1 | 5.93 | 48.33 | 54.26 | OK | |
r-release-macos-arm64 | 0.9.1 | 30.00 | OK | |||
r-release-macos-x86_64 | 0.9.1 | 44.00 | OK | |||
r-release-windows-x86_64 | 0.9.1 | 7.00 | 67.00 | 74.00 | OK | |
r-oldrel-macos-arm64 | 0.9.1 | 31.00 | OK | |||
r-oldrel-macos-x86_64 | 0.9.1 | 56.00 | OK | |||
r-oldrel-windows-x86_64 | 0.9.1 | 9.00 | 83.00 | 92.00 | OK |
Version: 0.9.1
Check: Rd cross-references
Result: NOTE
Found the following Rd file(s) with Rd \link{} targets missing package
anchors:
doACNE.Rd: AffymetrixCelSet, Verbose
Please provide package anchors for all Rd \link{} targets not in the
package itself and the base packages.
Flavors: r-devel-linux-x86_64-debian-clang, r-devel-linux-x86_64-debian-gcc, r-devel-windows-x86_64