Last updated on 2024-08-16 05:48:15 CEST.
Flavor | Version | Tinstall | Tcheck | Ttotal | Status | Flags |
---|---|---|---|---|---|---|
r-devel-linux-x86_64-debian-clang | 1.0.1 | 4.82 | 54.85 | 59.67 | NOTE | |
r-devel-linux-x86_64-debian-gcc | 1.0.1 | 3.35 | 39.70 | 43.05 | NOTE | |
r-devel-linux-x86_64-fedora-clang | 1.0.1 | 95.91 | NOTE | |||
r-devel-linux-x86_64-fedora-gcc | 1.0.1 | 105.05 | NOTE | |||
r-devel-windows-x86_64 | 1.0.1 | 7.00 | 71.00 | 78.00 | NOTE | |
r-patched-linux-x86_64 | 1.0.1 | 4.85 | 51.30 | 56.15 | NOTE | |
r-release-linux-x86_64 | 1.0.1 | 4.70 | 52.09 | 56.79 | NOTE | |
r-release-macos-arm64 | 1.0.1 | 36.00 | NOTE | |||
r-release-macos-x86_64 | 1.0.1 | 56.00 | NOTE | |||
r-release-windows-x86_64 | 1.0.1 | 6.00 | 71.00 | 77.00 | NOTE | |
r-oldrel-macos-arm64 | 1.0.1 | 35.00 | NOTE | |||
r-oldrel-macos-x86_64 | 1.0.1 | 58.00 | NOTE | |||
r-oldrel-windows-x86_64 | 1.0.1 | 8.00 | 81.00 | 89.00 | NOTE |
Version: 1.0.1
Check: LazyData
Result: NOTE
'LazyData' is specified without a 'data' directory
Flavors: r-devel-linux-x86_64-debian-clang, r-devel-linux-x86_64-debian-gcc, r-devel-linux-x86_64-fedora-clang, r-devel-linux-x86_64-fedora-gcc, r-devel-windows-x86_64, r-patched-linux-x86_64, r-release-linux-x86_64, r-release-macos-arm64, r-release-macos-x86_64, r-release-windows-x86_64, r-oldrel-macos-arm64, r-oldrel-macos-x86_64, r-oldrel-windows-x86_64